late d(k).
7
Suppose -4*f - 16 = -80. Let w(r) = 37 - 17 - f*r - 19. Let o(m) = -m**3 - 6*m**2 + 2*m + 13. Let t be o(-6). Determine w(t).
-15
Let c(i) be the second derivative of 0 + 1/6*i**4 + 0*i**2 + i - 1/60*i**5 - i**3. Let p(t) be the second derivative of c(t). Give p(3).
-2
Let w(q) be the first derivative of q**3/3 - 43*q**2/2 + 95*q + 1501. Give w(41).
13
Let k(p) = 2 + 136*p**2 - 67*p**2 - 65*p**2. Let y = 10 - 7. Determine k(y).
38
Let d(s) = 4*s + 64. Suppose -4*x - 81 = 3*j, 2*j - 150 = -5*x - 239. What is d(x)?
4
Suppose h + 2 - 4 = 0. Let c(k) = -17*k + 96. Let m be c(5). Suppose 5*v + 6*p + m = h*p, -16 = 4*p. Let f(y) = -9*y**3 + 2*y**2 - y. What is f(v)?
-8
Let x(d) = 2*d**3 + 3*d**2 + 2*d + 3. Let z(f) = f**2 - 3*f - 8. Let j be z(-3). Suppose 14*i + j + 18 = 0. Calculate x(i).
-5
Let b = 1 - -1. Suppose -2*z - 10 = -0*z, -z - 13 = -4*x. Let o(v) = 4*v**3 - 7 - v - 5*v**3 + 2*v**3 - 8*v**b - x*v**3. Give o(-8).
1
Let m(t) = 2*t**2 + 8*t - 48. Let b be ((-48)/14)/3*((-1862)/28)/19. Calculate m(b).
16
Let h(l) = -l**3 - 9*l**2 + 33*l - 22. Let c be h(-12). Let r(a) = -1 + 18 - 11*a + 0*a**3 + c*a**2 - 4*a**2 - 2 - a**3. What is r(9)?
-3
Let t(d) = 368*d**3 - 30 + 17*d + 6 - 369*d**3 + 14*d**2 - 1. Calculate t(15).
5
Let i be (-76)/(-13) - 2/(-13). Let z(u) = -u**2 + 2*u - 137 - 138 + 420 - 137. What is z(i)?
-16
Let p(c) = 3*c**3 - 7*c**2 + 2*c. Let n = -5110 + 5113. What is p(n)?
24
Let o(u) = -u**2 + 6*u - 1. Suppose -20 = -2*j - 3*j, -4*l + 8 = 5*j. Let t(c) = 8*c - 4. Let a be t(l). Let d be (-160)/a + 12/42. Determine o(d).
-1
Suppose x = -3*x + 20. Let m(c) be the third derivative of -c**5/60 + c**4/12 + 7*c**3/6 + 16*c**2 - 22. Calculate m(x).
-8
Let c(t) = t**3 - t**2 - 2*t + 6. Let l = 39 + -17. Let g(f) = -17 + 34*f + 4*f**2 - 49*f + l*f - 4*f**3. Let b(p) = -7*c(p) - 2*g(p). Calculate b(0).
-8
Let c(x) = x - 8. Let z = -1250 + 598. Let b = -645 - z. Give c(b).
-1
Let r(i) = -64 - 63 + 155 + 8*i - 42. Calculate r(1).
-6
Suppose -2 = 2*k - 4*z, 0*z = 2*k + z + 7. Let w(c) be the third derivative of c**6/120 + c**5/20 - c**4/12 + c**3/2 + 8*c**2. What is w(k)?
9
Let p be (3 - 1) + -3 + -9. Let w(u) = 519444*u - 519445*u - 5 - 13. What is w(p)?
-8
Let k(c) be the second derivative of 8*c**2 + 5*c + 1/6*c**3 + 18. What is k(-18)?
-2
Let z = -2951 + 2940. Let f(n) = -3*n**2 - 34*n - 6. Calculate f(z).
5
Let n(v) be the first derivative of -7*v - 57 + 7/2*v**2 - 1/3*v**3. Calculate n(5).
3
Let k = 41 + -37. Let y be (1 - 11)/(2/(-10)). Suppose 0 = -k*x - 5*d - 40, 5*x + 3*d + y = 2*d. Let f(p) = p**2 + 9*p - 5. Determine f(x).
5
Let q(v) be the third derivative of -32*v**2 - 1/3*v**4 - 1/60*v**5 - 7/6*v**3 + 0*v + 0. Suppose 2*d - 15 = -y + 6*y, 5*d = -5*y - 50. Calculate q(y).
8
Let v(a) = -a**3 - 5*a**2 + 3*a + 5. Let m be 10 - 57 - (2 - 3). Suppose 0 = 16*j + 382 - 1054. Let u = m + j. What is v(u)?
-23
Let c(w) be the first derivative of w**6/120 - w**5/15 - w**4/24 - w**3/6 + 12*w**2 - 77. Let r(h) be the second derivative of c(h). Give r(2).
-11
Let v = 284 + -282. Let d be 112/16 + v/(-2). Let s(i) = 2*i**2 - 10*i + 6. What is s(d)?
18
Let v(k) = -k**2 + 3*k - 1. Let y be 1 - (-7)/(21/141). Let s be y/20 - 3 - (-90)/25. Calculate v(s).
-1
Let a(v) be the first derivative of -37*v**2/2 + 190*v + 12439. Determine a(5).
5
Let j(i) = i - 2. Suppose 0 = -25*g + 21*g + 8. Suppose g*c = -0*c + 48. Suppose 6*h - 2*h = -c. What is j(h)?
-8
Let t = -30 + 24. Let l be -9 - t*5/10. Let u(j) = 7 + j**3 - 5*j**2 + 21*j**2 - 10*j**2 + 2*j. Calculate u(l).
-5
Let b be 28/7 - -6*(-69)/(-2). Let s = b + -207. Let m(w) = w**3 - 3*w**2 - 4*w + 2. Determine m(s).
2
Let x(w) = 13*w + 4. Let h(l) = 53*l + 111. Let b(z) = 2*h(z) - 9*x(z). Give b(17).
-1
Let c(r) = r**3 + 15*r**2 + 14*r - 4. Let f(n) = -n**3 - 86*n**2 + 173*n - 278. Let k be f(-88). Give c(k).
-4
Let v(u) = -21*u - 7. Let f(o) = o**3 - 9*o**2 + 3*o - 5. Let c be f(0). Determine v(c).
98
Let w(s) = s**2 + 8*s + 22. Let t be w(-4). Let n(h) = -t*h + 10*h - 1 + 2*h - 4*h + 11*h**2. What is n(1)?
12
Let l = 1760 - 1770. Let r(i) = i**2 + 10*i - 1. Calculate r(l).
-1
Let a(u) be the first derivative of -5*u**2/2 - 71*u + 1211. Calculate a(-11).
-16
Let y(q) = 20*q - 31. Suppose 18 = 5*f - 4*i + 20, -5*i + 7 = -4*f. Determine y(f).
9
Let i(l) = -4*l + 50*l**2 - 47*l**2 + 2*l + 2*l. Suppose z = -3*r - 4, 4*z + r + 7 = 2. Determine i(z).
3
Let k = 96 + -94. Suppose 0 = 13*m - k + 2. Let o(t) = -3 + 3 + 9 - 2*t + t. Determine o(m).
9
Suppose -4*s + 686*b = 685*b + 7, s - 17 = -6*b. Let t(v) = -4*v**2 - 21*v - 20. What is t(s)?
-3
Let w(z) = 31*z - 2. Let u(y) = -22*y + 2. Let n(v) = 7*u(v) + 5*w(v). Calculate n(-3).
1
Let f(a) be the first derivative of a**2/2 + 14959. Let r(g) = -g**2 + 8*g - 4. Let t be r(7). Calculate f(t).
3
Let b(g) = -g - 1. Let o be b(3). Let a be (-2)/((-9)/(18/o)). Let i(z) = 7. Let r(l) = -l - 4. Let t(n) = 4*i(n) + 7*r(n). Determine t(a).
7
Let c(j) = j - 2. Let s(q) = q**2 - 21*q - 46. Let a be s(23). Suppose a = -16*u + 23*u + 672. Let o = u + 99. Give c(o).
1
Let d(z) = -5*z + 1. Let h be (6/4)/(21/90) - 8/(-14). Calculate d(h).
-34
Let w(r) = 2*r**3 - 1286*r - 3*r**3 - 15 - 6*r**2 + 2578*r - 1287*r. Determine w(-7).
-1
Let m(b) = -b**3 + 6*b**2 - 6*b + 4. Let r(h) = -3*h**2 + 40*h - 11. Let g be r(13). Let i be (((-24)/(-5))/g)/(22/55). Determine m(i).
-32
Let x(b) = 2*b**2 + 7*b + 6. Suppose 0 = -5*v + 2*f + 14, 2*v + 24 = 5*v + 4*f. Suppose -5 = 2*s + y, 1 = s + v*y - 0. Determine x(s).
3
Let x(c) = -11*c**3 + 5*c**2 - 10*c + 16. Let w(t) = -19*t**3 + 12*t**2 - 20*t + 29. Let z(d) = 3*w(d) - 5*x(d). Calculate z(5).
-18
Let d = 72 + -59. Suppose 17*r = d*r + 24. Let n(t) = t**2 - 6*t + 15. What is n(r)?
15
Suppose 3 = 3*b + 2*p, 6*b - 5*b + 9 = -4*p. Let l(i) = 2 + b - 3*i + 0 + 9*i - 5*i. Determine l(-4).
1
Let i(t) = t**3 - 7*t**2 - 9*t + 8. Suppose -3*q + 376 = -4*p, 3*q - 108 = 2*q - 3*p. Suppose 22*o = 56 + q. Give i(o).
0
Let v(c) be the second derivative of c**5/6 + c**3/6 + 79*c**2/2 - 74*c. Let r(t) be the first derivative of v(t). Calculate r(1).
11
Let a(l) = 6*l - 294. Let j = -26773 - -26820. Give a(j).
-12
Let k(o) = -o**3 - 9*o**2 - 10*o - 12. Let z be k(-8). Let f(b) be the first derivative of -3*b + 5/2*b**2 + 53. What is f(z)?
17
Let k(w) = -1. Let p(a) = -4*a - 7. Let d(m) = 4*k(m) - p(m). Let s = -616 - -634. Suppose -102*o = -99*o - s. Determine d(o).
27
Let s(x) = x**3 - 7*x**2 - 42*x + 8. Suppose -20*h - 79 - 83 = -82. What is s(h)?
0
Let u(k) = -4*k**2 + 2*k - 2. Suppose 0*d + 4416 = -8*d. Let w = d + 554. Give u(w).
-14
Let r(l) be the first derivative of 5*l**2 + 5*l + 11. Let q(j) = -6*j - 64. Let v be q(-10). What is r(v)?
-35
Let y(x) = -x**2 + 14*x - 20. Let a = -6082 - -6095. Give y(a).
-7
Let y(a) be the first derivative of -a**4/4 - 17*a**3/3 + 35*a**2/2 - 32*a - 2176. What is y(-19)?
25
Let r(z) = -5*z**3 - 3*z**2 - 3*z - 3. Let f(q) = -q**2 - 13*q + 1762. Let b be f(-49). Determine r(b).
31
Let n(z) = 109320*z - 56 + z**2 - 109319*z + 42. Give n(4).
6
Let t be ((-30)/9 - -3)/((-11)/(-198)). Let p(j) = -2*j + 2. Let b(x) = 5*x - 5. Let n(i) = -3*b(i) - 8*p(i). Determine n(t).
-7
Suppose -4*j = -5*b + 29 - 9, j = -b - 5. Let f(g) = 2*g**2 + 7*g. Give f(j).
15
Let y(l) be the third derivative of l**6/120 + l**5/10 + l**4/3 - l**3/6 + 117*l**2 - 4*l - 2. Give y(-3).
2
Let z(g) = 799*g**3 + g - 2. Let h be z(1). Let d(l) = h - 1598 + 2*l + 801. Determine d(4).
9
Let h(k) = -3*k**2 + 100*k**3 + 2*k**3 - 4 - 51*k**3 - 50*k**3. Let m be -1 + 1/(3/(-24)). Let v be (-42)/m + 4/(-6). What is h(v)?
12
Let j(n) = 8*n + 25106 - 12557 - n**2 - 12558. Determine j(8).
-9
Suppose -1119 + 195 = 6*f. Let o be f/(-55) - 2/(-10). Suppose 5*j - 17 = 2*t, 0 = -0*j - o*j - 4*t + 31. Let x(h) = -h**3 + 6*h**2 - 8*h + 6. Give x(j).
-9
Let b(j) = 27*j**2 + 3*j + 5. Suppose 4*k + 16 = -1347*l + 1345*l, -2*k - 10 = 2*l. Give b(l).
107
Let f(w) = w**3 - w + 1. Suppose -3*q + 0*q = -30. Let h be (6/q)/(0 - (-5)/(-25)). Let v be (1/h)/(4/(-24)). Give f(v).
7
Let m be 0 + (10 - 0) + -9. Let n(h) = 35*h**2 - h + 2. Calculate n(m).
36
Let v = -82 + 105. Suppose -5*g - 4*s = 71, -3*s + v = -2*g - 10. Let m(n) = -n - 18. Calculate m(g).
-3
Let p(y